{"id":816,"date":"2017-06-26T10:40:37","date_gmt":"2017-06-26T08:40:37","guid":{"rendered":"http:\/\/sportseniorcourdimanche.com\/?page_id=816"},"modified":"2026-03-09T14:18:21","modified_gmt":"2026-03-09T13:18:21","slug":"mentions-legales","status":"publish","type":"page","link":"https:\/\/sportseniorcourdimanche.com\/?page_id=816","title":{"rendered":"Mentions l\u00e9gales"},"content":{"rendered":"<h2><span style=\"color: #0000ff\"><strong>Mentions l\u00e9gales du CSSSC<\/strong><\/span><\/h2>\n<h3><span style=\"color: #000000\"><strong>Cliquez sur les liens :<\/strong><\/span><\/h3>\n<h3><strong>2017 &#8211; 03 juin : <span style=\"color: #ff0000\"><em><a style=\"color: #ff0000\" href=\"https:\/\/sportseniorcourdimanche.com\/wp-content\/uploads\/2017\/06\/Mentions-legales-CSSSC.pdf\">https:\/\/sportseniorcourdimanche.com\/wp-content\/uploads\/2017\/06\/Mentions-legales-CSSSC.pdf<\/a><\/em><\/span><\/strong><\/h3>\n<h3><strong>2025 &#8211; mise \u00e0 jour du 06 octobre :<span style=\"color: #ff0000\"><em> <a style=\"color: #ff0000\" href=\"https:\/\/sportseniorcourdimanche.com\/wp-content\/uploads\/2025\/10\/CSSSC-Mise-a-jour-mentions-legales-06-10-2025.pdf\">CSSSC Mise \u00e0 jour mentions l\u00e9gales 06 10 2025<\/a><\/em><\/span><\/strong><\/h3>\n\n\n<p><\/p>\n","protected":false},"excerpt":{"rendered":"<p>Mentions l\u00e9gales du CSSSC Cliquez sur les liens : 2017 &#8211; 03 juin : https:\/\/sportseniorcourdimanche.com\/wp-content\/uploads\/2017\/06\/Mentions-legales-CSSSC.pdf 2025 &#8211; mise \u00e0 jour du 06 octobre : CSSSC Mise \u00e0 jour mentions l\u00e9gales 06 10 2025<\/p>\n","protected":false},"author":3,"featured_media":0,"parent":0,"menu_order":0,"comment_status":"closed","ping_status":"closed","template":"le-club","meta":{"footnotes":""},"class_list":["post-816","page","type-page","status-publish","hentry"],"_links":{"self":[{"href":"https:\/\/sportseniorcourdimanche.com\/index.php?rest_route=\/wp\/v2\/pages\/816","targetHints":{"allow":["GET"]}}],"collection":[{"href":"https:\/\/sportseniorcourdimanche.com\/index.php?rest_route=\/wp\/v2\/pages"}],"about":[{"href":"https:\/\/sportseniorcourdimanche.com\/index.php?rest_route=\/wp\/v2\/types\/page"}],"author":[{"embeddable":true,"href":"https:\/\/sportseniorcourdimanche.com\/index.php?rest_route=\/wp\/v2\/users\/3"}],"replies":[{"embeddable":true,"href":"https:\/\/sportseniorcourdimanche.com\/index.php?rest_route=%2Fwp%2Fv2%2Fcomments&post=816"}],"version-history":[{"count":12,"href":"https:\/\/sportseniorcourdimanche.com\/index.php?rest_route=\/wp\/v2\/pages\/816\/revisions"}],"predecessor-version":[{"id":15658,"href":"https:\/\/sportseniorcourdimanche.com\/index.php?rest_route=\/wp\/v2\/pages\/816\/revisions\/15658"}],"wp:attachment":[{"href":"https:\/\/sportseniorcourdimanche.com\/index.php?rest_route=%2Fwp%2Fv2%2Fmedia&parent=816"}],"curies":[{"name":"wp","href":"https:\/\/api.w.org\/{rel}","templated":true}]}}