{"id":336,"date":"2017-06-26T13:50:29","date_gmt":"2017-06-26T11:50:29","guid":{"rendered":"http:\/\/sportseniorcourdimanche.com\/?page_id=336"},"modified":"2026-04-25T18:11:31","modified_gmt":"2026-04-25T16:11:31","slug":"tennis-de-table","status":"publish","type":"page","link":"https:\/\/sportseniorcourdimanche.com\/?page_id=336","title":{"rendered":"Tennis de table"},"content":{"rendered":"\n<div class=\"wp-block-media-text is-stacked-on-mobile\" style=\"grid-template-columns:15% auto\"><figure class=\"wp-block-media-text__media\"><img loading=\"lazy\" decoding=\"async\" width=\"125\" height=\"102\" src=\"https:\/\/sportseniorcourdimanche.com\/wp-content\/uploads\/2026\/02\/ping.png\" alt=\"\" class=\"wp-image-15512 size-full\"\/><\/figure><div class=\"wp-block-media-text__content\">\n<h3 class=\"wp-block-heading\">Animation :<strong>&nbsp;<span style=\"color: #000080;\">Guy BOUCHAREL \u2013 Robert ALET \u2013 Fr\u00e9d\u00e9ric BOMPANE<\/span><\/strong><\/h3>\n\n\n\n<h3 class=\"wp-block-heading\">R\u00e9f\u00e9rent de l\u2019activit\u00e9 :&nbsp;<span style=\"color: #000080;\"><strong>Guy BOUCHAREL<\/strong><\/span><\/h3>\n<\/div><\/div>\n\n\n\n<h3 class=\"wp-block-heading\"><span style=\"color: #000000;\">Cotisation annuelle : <\/span><span style=\"color: #000080;\"><strong>17 euros\/adh\u00e9rent<\/strong><\/span><\/h3>\n\n\n\n<h2 class=\"wp-block-heading\"><span style=\"color: #0000ff;\"><strong>Pr\u00e9sentation en quelques mots<\/strong><\/span><b><\/b><\/h2>\n\n\n\n<h3 class=\"wp-block-heading\">Accessible \u00e0 tous, le tennis de table d\u00e9veloppe principalement des qualit\u00e9s techniques et morales. Une pratique r\u00e9guli\u00e8re am\u00e9liore coordination gestuelle, mobilit\u00e9, dissociation vision\/placement du corps et d\u00e9veloppe la facult\u00e9 de concentration.<\/h3>\n\n\n\n<h2 class=\"wp-block-heading\"><span style=\"color: #0000ff;\"><strong>Organisation<\/strong><\/span><\/h2>\n\n\n\n<h3 class=\"wp-block-heading\"><span style=\"color: #000000;\">S\u00e9ance : <strong>vendredi de&nbsp; 15 h 00 \u00e0 17 h 30<\/strong><\/span><\/h3>\n\n\n\n<h3 class=\"wp-block-heading\"><span style=\"color: #000000;\">Lieu : <strong>Gymnase Saint Apolline, 88 boulevard des Chasseurs \u00e0 Courdimanche.<\/strong><\/span><\/h3>\n\n\n\n<h3 class=\"wp-block-heading\"><span style=\"color: #000000;\">R\u00e8glement sp\u00e9cifique \u00e0 la pratique du tennis de table :&nbsp;<\/span><em><strong><span style=\"color: #ff0000;\"><a style=\"color: #ff0000;\" href=\"https:\/\/sportseniorcourdimanche.com\/wp-content\/uploads\/2026\/02\/RS-Tennis-de-table-MaJ-2026.pdf\">RS Tennis de table M\u00e0J 2026<\/a><\/span><\/strong><\/em><\/h3>\n\n\n\n<h2 class=\"wp-block-heading\"><span style=\"color: #0000ff;\"><strong>En savoir plus sur l\u2019activit\u00e9<\/strong><\/span><\/h2>\n\n\n\n<h3 class=\"wp-block-heading\"><span style=\"color: #000080;\">Bienfaits du tennis de table:<\/span> <b><span style=\"color: #000080;\"><a href=\"https:\/\/sportseniorcourdimanche.com\/wp-content\/uploads\/2017\/06\/Bienfaits-du-tennis-de-table.pdf\" target=\"_blank\" rel=\"noreferrer noopener\"><em><span style=\"color: #ff0000;\">Bienfaits du tennis de table<\/span><\/em><\/a><\/span><\/b><\/h3>\n\n\n\n<h3 class=\"wp-block-heading\"><span style=\"color: #000080;\">Fiche d\u2019informations \u00e0 la pratique du tennis de table :<\/span><\/h3>\n\n\n\n<ul class=\"wp-block-list\">\n<li><h3><strong><span style=\"color: #ff0000;\"><em><a href=\"https:\/\/sportseniorcourdimanche.com\/wp-content\/uploads\/2025\/10\/A-savoir-sur-le-tennis-de-table.pdf\" target=\"_blank\" rel=\"noreferrer noopener\">A savoir sur le tennis de table<\/a><\/em><\/span><\/strong><\/h3><\/li>\n\n\n\n<li><h3><em><strong><span style=\"color: #ff0000;\"><a href=\"https:\/\/sportseniorcourdimanche.com\/wp-content\/uploads\/2025\/10\/Tennis-de-table_choisisr-sa-balle.pdf\" target=\"_blank\" rel=\"noreferrer noopener\">Tennis de table choisir sa balle<\/a><\/span><\/strong><\/em><\/h3><\/li>\n<\/ul>\n","protected":false},"excerpt":{"rendered":"<p>Animation :&nbsp;Guy BOUCHAREL \u2013 Robert ALET \u2013 Fr\u00e9d\u00e9ric BOMPANE R\u00e9f\u00e9rent de l\u2019activit\u00e9 :&nbsp;Guy BOUCHAREL Cotisation annuelle : 17 euros\/adh\u00e9rent Pr\u00e9sentation en quelques mots Accessible \u00e0 tous, le tennis de table d\u00e9veloppe principalement des qualit\u00e9s techniques et morales. Une pratique r\u00e9guli\u00e8re am\u00e9liore coordination gestuelle, mobilit\u00e9, dissociation vision\/placement du corps et d\u00e9veloppe la facult\u00e9 de concentration. Organisation [&hellip;]<\/p>\n","protected":false},"author":3,"featured_media":0,"parent":0,"menu_order":0,"comment_status":"closed","ping_status":"closed","template":"activit-s","meta":{"footnotes":""},"class_list":["post-336","page","type-page","status-publish","hentry"],"_links":{"self":[{"href":"https:\/\/sportseniorcourdimanche.com\/index.php?rest_route=\/wp\/v2\/pages\/336","targetHints":{"allow":["GET"]}}],"collection":[{"href":"https:\/\/sportseniorcourdimanche.com\/index.php?rest_route=\/wp\/v2\/pages"}],"about":[{"href":"https:\/\/sportseniorcourdimanche.com\/index.php?rest_route=\/wp\/v2\/types\/page"}],"author":[{"embeddable":true,"href":"https:\/\/sportseniorcourdimanche.com\/index.php?rest_route=\/wp\/v2\/users\/3"}],"replies":[{"embeddable":true,"href":"https:\/\/sportseniorcourdimanche.com\/index.php?rest_route=%2Fwp%2Fv2%2Fcomments&post=336"}],"version-history":[{"count":50,"href":"https:\/\/sportseniorcourdimanche.com\/index.php?rest_route=\/wp\/v2\/pages\/336\/revisions"}],"predecessor-version":[{"id":16060,"href":"https:\/\/sportseniorcourdimanche.com\/index.php?rest_route=\/wp\/v2\/pages\/336\/revisions\/16060"}],"wp:attachment":[{"href":"https:\/\/sportseniorcourdimanche.com\/index.php?rest_route=%2Fwp%2Fv2%2Fmedia&parent=336"}],"curies":[{"name":"wp","href":"https:\/\/api.w.org\/{rel}","templated":true}]}}