{"id":21,"date":"2017-07-03T19:09:31","date_gmt":"2017-07-03T17:09:31","guid":{"rendered":"http:\/\/sportseniorcourdimanche.com\/?page_id=21"},"modified":"2026-03-09T14:09:11","modified_gmt":"2026-03-09T13:09:11","slug":"notre-federation-et-son-organisation","status":"publish","type":"page","link":"https:\/\/sportseniorcourdimanche.com\/?page_id=21","title":{"rendered":"La F\u00e9d\u00e9ration Fran\u00e7aise Sports pour Tous"},"content":{"rendered":"<h3><strong><span style=\"color: #000080\"><img loading=\"lazy\" decoding=\"async\" class=\"alignnone size-full wp-image-14083\" src=\"https:\/\/sportseniorcourdimanche.com\/wp-content\/uploads\/2025\/11\/Logo-sports-pour-tous.png\" alt=\"\" width=\"295\" height=\"159\" \/><\/span><\/strong><\/h3>\n<h3>\u00a0<\/h3>\n<h2><span style=\"color: #0000ff\"><strong>L\u2019ORGANISATION TERRITORIALE ET LES MISSIONS DES STRUCTURES F\u00c9D\u00c9RALES<\/strong><\/span><\/h2>\n<p><strong>L\u2019organisation de la F\u00e9d\u00e9ration Fran\u00e7aise Sports pour Tous r\u00e9pond aujourd\u2019hui \u00e0 un principe fort de l\u2019am\u00e9nagement du territoire fran\u00e7ais et s\u2019appuie sur le d\u00e9coupage des circonscriptions administratives fran\u00e7aises. Toutes les structures jouent un r\u00f4le au service du d\u00e9veloppement f\u00e9d\u00e9ral.<\/strong><\/p>\n<ul>\n<li><strong>D\u00e9cide et fixe les orientations, <\/strong><\/li>\n<li><strong>Coordonne le projet national, <\/strong><\/li>\n<li><strong>Contr\u00f4le le fonctionnement<\/strong><\/li>\n<\/ul>\n<h4>&gt;\u00a0 1973 : Elle a obtenu la reconnaissance d&#8217;utilit\u00e9 publique.<\/h4>\n<h4>&gt;\u00a0 1977 : Elle est agr\u00e9\u00e9e par le minist\u00e8re de la Jeunesse et des Sports et le minist\u00e8re du Travail.<\/h4>\n<h2><span style=\"color: #0000ff\"><strong>HISTOIRE DE CETTE FEDERATION DEPUIS SON ORIGINE EN 1953<\/strong><\/span><\/h2>\n<p><blockquote class=\"wp-embedded-content\" data-secret=\"ru0XPgbMfQ\"><a href=\"https:\/\/www.sportspourtous.org\/la-federation\/histoire\/\">Histoire<\/a><\/blockquote><iframe loading=\"lazy\" class=\"wp-embedded-content\" sandbox=\"allow-scripts\" security=\"restricted\" style=\"position: absolute; visibility: hidden;\" title=\"\u00ab\u00a0Histoire\u00a0\u00bb &#8212; F\u00e9d\u00e9ration Fran\u00e7aise Sports pour Tous\" src=\"https:\/\/www.sportspourtous.org\/la-federation\/histoire\/embed\/#?secret=ae63XoJ9Ik#?secret=ru0XPgbMfQ\" data-secret=\"ru0XPgbMfQ\" width=\"500\" height=\"282\" frameborder=\"0\" marginwidth=\"0\" marginheight=\"0\" scrolling=\"no\"><\/iframe><\/p>\n<h2><strong>\u00a0<span style=\"color: #0000ff\">LA FFSPT EN CHIFFRES<\/span><\/strong><\/h2>\n<ul>\n<li>\n<h3><strong>190<\/strong><strong>\u00a0<\/strong><strong>000<\/strong>\u00a0 licenci\u00e9s<\/h3>\n<\/li>\n<li>\n<h3><strong>\u00a0 \u00a0 3<\/strong><strong>\u00a0<\/strong><strong>000<\/strong> structures affili\u00e9es<\/h3>\n<\/li>\n<li>\n<h3><strong>\u00a0 \u00a0 5<\/strong><strong>\u00a0<\/strong><strong>200<\/strong> animateurs<\/h3>\n<\/li>\n<li>\n<h3>\u00a0 \u00a0 \u00a0 \u00a0 <strong>150<\/strong> formateurs<\/h3>\n<\/li>\n<li>\n<h3>\u00a0 \u00a0 \u00a0 \u00a0 \u00a0<strong>80<\/strong> cadres techniques en r\u00e9gion<\/h3>\n<\/li>\n<li>\n<h3>\u00a0 \u00a0 \u00a0 \u00a0 \u00a0<strong>13<\/strong> Comit\u00e9s R\u00e9gionaux<\/h3>\n<\/li>\n<li>\n<h3>\u00a0 \u00a0 \u00a0 \u00a0<strong>101<\/strong> Comit\u00e9s D\u00e9partementaux<\/h3>\n<\/li>\n<li>\n<h3><strong>\u00a0 \u00a0+\u00a0 150<\/strong> activit\u00e9s sportives<\/h3>\n<\/li>\n<\/ul>\n<h2><span style=\"color: #0000ff\"><strong>LES CLUBS DU VAL D&#8217;OISE : ils sont 7 r\u00e9partis sur 15 sites<\/strong><\/span><\/h2>\n<ul>\n<li style=\"list-style-type: none\">\n<ul>\n<li>\n<h3><strong>TAI JI VEXIN\u00a0: <\/strong>MAGNY EN VEXIN<\/h3>\n<\/li>\n<li>\n<h3><strong>ENTREZ DANS LA DANSE ! MOUVEMENT ET SANT<\/strong><strong>E<\/strong>\u00a0: CERGY \u2013 \u00a0CERGY LE HAUT \u2013 OSNY<\/h3>\n<\/li>\n<li>\n<h3><strong>REMICOPHYS\u00a0: <\/strong>CERGY \u2013\u00a0 CERGY LE HAUT \u2013 SAINT OUEN L\u2019AUM\u00d4NE<\/h3>\n<\/li>\n<li>\n<h3><strong>LA BEK LIFE\u00a0: <\/strong>ENNERY \u2013\u00a0 CERGY \u2013 SAINT GRATIEN \u2013 VALMONDOIS \u2013 LABBEVILLE<\/h3>\n<\/li>\n<li>\n<h3><strong>BOUGE LA FRETTE !<\/strong>\u00a0: FRETTE SUR SEINE<\/h3>\n<\/li>\n<li>\n<h3><strong>LA RETRAITE SPORTIVE ET CULTURELLE DE L\u2019 HAUTIL<\/strong>\u00a0: VAUREAL<\/h3>\n<\/li>\n<li>\n<h3><strong>CLUB SPORT SENIOR SANTE DE COURDIMANCHE\u00a0: <\/strong>COURDIMANCHE<\/h3>\n<\/li>\n<\/ul>\n<\/li>\n<\/ul>\n\n\n<p><\/p>\n","protected":false},"excerpt":{"rendered":"<p>\u00a0 L\u2019ORGANISATION TERRITORIALE ET LES MISSIONS DES STRUCTURES F\u00c9D\u00c9RALES L\u2019organisation de la F\u00e9d\u00e9ration Fran\u00e7aise Sports pour Tous r\u00e9pond aujourd\u2019hui \u00e0 un principe fort de l\u2019am\u00e9nagement du territoire fran\u00e7ais et s\u2019appuie sur le d\u00e9coupage des circonscriptions administratives fran\u00e7aises. Toutes les structures jouent un r\u00f4le au service du d\u00e9veloppement f\u00e9d\u00e9ral. D\u00e9cide et fixe les orientations, Coordonne le [&hellip;]<\/p>\n","protected":false},"author":3,"featured_media":0,"parent":0,"menu_order":0,"comment_status":"closed","ping_status":"closed","template":"le-club","meta":{"footnotes":""},"class_list":["post-21","page","type-page","status-publish","hentry"],"_links":{"self":[{"href":"https:\/\/sportseniorcourdimanche.com\/index.php?rest_route=\/wp\/v2\/pages\/21","targetHints":{"allow":["GET"]}}],"collection":[{"href":"https:\/\/sportseniorcourdimanche.com\/index.php?rest_route=\/wp\/v2\/pages"}],"about":[{"href":"https:\/\/sportseniorcourdimanche.com\/index.php?rest_route=\/wp\/v2\/types\/page"}],"author":[{"embeddable":true,"href":"https:\/\/sportseniorcourdimanche.com\/index.php?rest_route=\/wp\/v2\/users\/3"}],"replies":[{"embeddable":true,"href":"https:\/\/sportseniorcourdimanche.com\/index.php?rest_route=%2Fwp%2Fv2%2Fcomments&post=21"}],"version-history":[{"count":162,"href":"https:\/\/sportseniorcourdimanche.com\/index.php?rest_route=\/wp\/v2\/pages\/21\/revisions"}],"predecessor-version":[{"id":15652,"href":"https:\/\/sportseniorcourdimanche.com\/index.php?rest_route=\/wp\/v2\/pages\/21\/revisions\/15652"}],"wp:attachment":[{"href":"https:\/\/sportseniorcourdimanche.com\/index.php?rest_route=%2Fwp%2Fv2%2Fmedia&parent=21"}],"curies":[{"name":"wp","href":"https:\/\/api.w.org\/{rel}","templated":true}]}}