{"id":11609,"date":"2024-03-13T11:33:38","date_gmt":"2024-03-13T10:33:38","guid":{"rendered":"https:\/\/sportseniorcourdimanche.com\/?page_id=11609"},"modified":"2026-04-25T11:08:29","modified_gmt":"2026-04-25T09:08:29","slug":"cyclo-loisir-4","status":"publish","type":"page","link":"https:\/\/sportseniorcourdimanche.com\/?page_id=11609","title":{"rendered":"Cyclo loisir"},"content":{"rendered":"\n<div class=\"wp-block-media-text is-stacked-on-mobile\" style=\"grid-template-columns:15% auto\"><figure class=\"wp-block-media-text__media\"><img loading=\"lazy\" decoding=\"async\" width=\"299\" height=\"239\" src=\"https:\/\/sportseniorcourdimanche.com\/wp-content\/uploads\/2026\/02\/CYCL.png\" alt=\"\" class=\"wp-image-15442 size-full\"\/><\/figure><div class=\"wp-block-media-text__content\">\n<h3 class=\"wp-block-heading\">Animation :&nbsp;<span style=\"color: #000080;\"><strong>Didier SAINLOT<\/strong><\/span><\/h3>\n\n\n\n<h3 class=\"wp-block-heading\">R\u00e9f\u00e9rent de l\u2019activit\u00e9 : <span style=\"color: #000080;\"><strong>Didier SAINLOT<\/strong><\/span><\/h3>\n<\/div><\/div>\n\n\n\n<h3 class=\"wp-block-heading\">Cotisation annuelle <strong>:&nbsp;<span style=\"color: #000080;\"> 10.00 euros\/an<\/span><\/strong><\/h3>\n\n\n\n<h2 class=\"wp-block-heading\"><span style=\"color: #0000ff;\"><strong>Pr\u00e9sentation en quelques mots<\/strong><\/span><\/h2>\n\n\n\n<p><span style=\"color: #000000\">Le cyclotourisme est une activit\u00e9 douce, accessible \u00e0 tous, qui am\u00e9liore la sant\u00e9 (c\u0153ur, respiration, articulations, poids), r\u00e9duit le stress, favorise le sommeil et d\u00e9veloppe l\u2019\u00e9quilibre.<\/span> <span style=\"color: #000000\">C\u2019est aussi une pratique conviviale, \u00e9ducative et sociale, permettant de d\u00e9couvrir le patrimoine tout en respectant son corps.<\/span><\/p>\n\n\n\n<p><strong>Les sorties se font sur des circuits de 25 km et plus suivant le niveau des participants<\/strong><\/p>\n\n\n\n<h2 class=\"wp-block-heading\"><strong><span style=\"color: #0000ff;\">Organisation<\/span><\/strong><\/h2>\n\n\n\n<h3 class=\"wp-block-heading\"><strong>S\u00e9ance <\/strong><strong>:<\/strong> Mercredi ou jeudi de 9h00 \u00e0 13h00<\/h3>\n\n\n\n<h3 class=\"wp-block-heading\"><strong>Lieu <\/strong><strong>: <\/strong>Suivant le choix de l\u2019animateur (un courriel est envoy\u00e9 aux participants pour chaque sortie)<\/h3>\n\n\n\n<h3 class=\"wp-block-heading\"><strong>R\u00e8glement sp\u00e9cifique \u00e0\u00a0 la pratique du cyclo loisir : <em><span style=\"color: #ff0000\"><a href=\"https:\/\/sportseniorcourdimanche.com\/wp-content\/uploads\/2026\/02\/RS-cyclo-loisir-MaJ-2026.pdf\" target=\"_blank\" rel=\"noreferrer noopener\">RS cyclo loisir M\u00e0J 2026<\/a><\/span><\/em><\/strong><\/h3>\n\n\n\n<h2 class=\"wp-block-heading\"><span style=\"color: #0000ff;\"><strong>En savoir plus sur le cyclo loisir<\/strong><\/span><\/h2>\n\n\n\n<p><strong>Bienfaits\u00a0 du v\u00e9lo\u00a0: <\/strong><a href=\"https:\/\/sportseniorcourdimanche.com\/wp-content\/uploads\/2017\/06\/Cyclo-6-bonnes-pratiques.pdf\" target=\"_blank\" rel=\"noreferrer noopener\"><span style=\"color: #ff0000\"><em><strong>Cyclo 6 bonnes pratiques<\/strong><\/em><\/span><\/a><\/p>\n\n\n\n<p><strong>Le code de la route des cyclistes :<\/strong> <a href=\"https:\/\/sportseniorcourdimanche.com\/wp-content\/uploads\/2026\/01\/Partageons-la-route.pdf\" target=\"_blank\" rel=\"noreferrer noopener\">\u00a0<em><strong><span style=\"color: #ff0000;\">Partageons la route<\/span><\/strong><\/em><\/a><\/p>\n\n\n\n<p><strong><span style=\"color: #000000\">Fiches d\u2019informations \u00e0 la pratique du cyclo loisir<\/span>&nbsp;:<\/strong><\/p>\n\n\n\n<ul class=\"wp-block-list\">\n<li><em><strong><span style=\"color: #ff0000;\"><a href=\"https:\/\/sportseniorcourdimanche.com\/wp-content\/uploads\/2026\/01\/Senior-passez-au-velo-electrique-.pdf\" target=\"_blank\" rel=\"noreferrer noopener\">Senior, passez au v\u00e9lo \u00e9lectrique !<\/a><\/span><\/strong><\/em><\/li>\n\n\n\n<li><span style=\"color: #ff0000;\"><em><strong><a href=\"https:\/\/sportseniorcourdimanche.com\/wp-content\/uploads\/2017\/06\/Cyclo_securite-FFC.pdf\" target=\"_blank\" rel=\"noreferrer noopener\">Cyclo_securite FFC<\/a><\/strong><\/em><\/span><\/li>\n\n\n\n<li><span style=\"color: #ff0000;\"><em><strong><a href=\"https:\/\/sportseniorcourdimanche.com\/wp-content\/uploads\/2026\/01\/norme-velo-electrique-v2.pdf\" target=\"_blank\" rel=\"noreferrer noopener\">norme v\u00e9lo electrique v2<\/a><\/strong><\/em><\/span><\/li>\n\n\n\n<li><span style=\"color: #ff0000;\"><em><strong><a href=\"https:\/\/sportseniorcourdimanche.com\/wp-content\/uploads\/2026\/01\/CHECK-UP-DE-LACTIVITE-CYCLO.pdf\" target=\"_blank\" rel=\"noreferrer noopener\"><span style=\"color: #ff0000;\">CHECK-UP DE L\u2019ACTIVITE CYCLO<\/span><\/a><\/strong><\/em><\/span><\/li>\n\n\n\n<li><span style=\"color: #ff0000;\"><em><strong><a href=\"https:\/\/sportseniorcourdimanche.com\/wp-content\/uploads\/2026\/01\/Le-marquage-des-velos.pdf\" target=\"_blank\" rel=\"noreferrer noopener\">Le marquage des v\u00e9los<\/a><\/strong><\/em><\/span><\/li>\n<\/ul>\n","protected":false},"excerpt":{"rendered":"<p>Animation :&nbsp;Didier SAINLOT R\u00e9f\u00e9rent de l\u2019activit\u00e9 : Didier SAINLOT Cotisation annuelle :&nbsp; 10.00 euros\/an Pr\u00e9sentation en quelques mots Le cyclotourisme est une activit\u00e9 douce, accessible \u00e0 tous, qui am\u00e9liore la sant\u00e9 (c\u0153ur, respiration, articulations, poids), r\u00e9duit le stress, favorise le sommeil et d\u00e9veloppe l\u2019\u00e9quilibre. C\u2019est aussi une pratique conviviale, \u00e9ducative et sociale, permettant de d\u00e9couvrir [&hellip;]<\/p>\n","protected":false},"author":3,"featured_media":0,"parent":0,"menu_order":0,"comment_status":"closed","ping_status":"closed","template":"activit-s","meta":{"footnotes":""},"class_list":["post-11609","page","type-page","status-publish","hentry"],"_links":{"self":[{"href":"https:\/\/sportseniorcourdimanche.com\/index.php?rest_route=\/wp\/v2\/pages\/11609","targetHints":{"allow":["GET"]}}],"collection":[{"href":"https:\/\/sportseniorcourdimanche.com\/index.php?rest_route=\/wp\/v2\/pages"}],"about":[{"href":"https:\/\/sportseniorcourdimanche.com\/index.php?rest_route=\/wp\/v2\/types\/page"}],"author":[{"embeddable":true,"href":"https:\/\/sportseniorcourdimanche.com\/index.php?rest_route=\/wp\/v2\/users\/3"}],"replies":[{"embeddable":true,"href":"https:\/\/sportseniorcourdimanche.com\/index.php?rest_route=%2Fwp%2Fv2%2Fcomments&post=11609"}],"version-history":[{"count":55,"href":"https:\/\/sportseniorcourdimanche.com\/index.php?rest_route=\/wp\/v2\/pages\/11609\/revisions"}],"predecessor-version":[{"id":16019,"href":"https:\/\/sportseniorcourdimanche.com\/index.php?rest_route=\/wp\/v2\/pages\/11609\/revisions\/16019"}],"wp:attachment":[{"href":"https:\/\/sportseniorcourdimanche.com\/index.php?rest_route=%2Fwp%2Fv2%2Fmedia&parent=11609"}],"curies":[{"name":"wp","href":"https:\/\/api.w.org\/{rel}","templated":true}]}}